ctors of 475204264.
2, 17, 3494149
What are the prime factors of 795473216?
2, 23, 251, 2153
List the prime factors of 1497991999.
7, 213998857
What are the prime factors of 583864171?
11, 53078561
What are the prime factors of 70430927?
7, 10061561
List the prime factors of 196220890.
2, 5, 67, 292867
List the prime factors of 259225255.
5, 31, 1672421
List the prime factors of 142195971.
3, 79, 599983
What are the prime factors of 47049319?
17, 53, 79, 661
What are the prime factors of 3550668702?
2, 3, 7, 179, 472289
What are the prime factors of 46009474?
2, 7, 3286391
List the prime factors of 117344059.
7, 109, 113, 1361
What are the prime factors of 6559155?
3, 5, 145759
List the prime factors of 6852254881.
4513, 1518337
What are the prime factors of 111361836?
2, 3, 1637, 5669
List the prime factors of 147440124.
2, 3, 13, 311, 1013
List the prime factors of 599374550.
2, 5, 47, 255053
What are the prime factors of 52825807?
1907, 27701
What are the prime factors of 199291114?
2, 11, 19, 89, 487
What are the prime factors of 201677605?
5, 103, 263, 1489
List the prime factors of 3277311642.
2, 3, 11, 16552079
What are the prime factors of 3297674445?
3, 5, 13, 31, 545521
What are the prime factors of 44052880?
2, 5, 550661
What are the prime factors of 302992235?
5, 7, 13, 95131
List the prime factors of 532600809.
3, 13, 13656431
What are the prime factors of 1836262250?
2, 5, 7345049
What are the prime factors of 2174136340?
2, 5, 47, 281, 8231
List the prime factors of 35641547.
35641547
List the prime factors of 37217437.
17, 197, 11113
List the prime factors of 6808617359.
613, 1951, 5693
What are the prime factors of 36133426?
2, 7, 2580959
What are the prime factors of 1110011961?
3, 11719, 31573
What are the prime factors of 1075957849?
1075957849
What are the prime factors of 499854189?
3, 449, 371087
List the prime factors of 3551152074.
2, 3, 591858679
List the prime factors of 2152063101.
3, 19, 761, 49613
What are the prime factors of 521552752?
2, 7, 4656721
What are the prime factors of 306918507?
3, 7, 31, 47, 1433
List the prime factors of 304532546.
2, 89, 1710857
What are the prime factors of 207950756?
2, 13, 3999053
What are the prime factors of 366450951?
3, 71, 1720427
What are the prime factors of 208139154?
2, 3, 34689859
What are the prime factors of 2246722344?
2, 3, 443, 70439
List the prime factors of 18425788.
2, 29, 158843
What are the prime factors of 191149825?
5, 997, 7669
What are the prime factors of 52370045?
5, 7, 13, 115099
What are the prime factors of 83865750?
2, 3, 5, 111821
List the prime factors of 107313744.
2, 3, 137, 16319
What are the prime factors of 85600347?
3, 7, 4076207
List the prime factors of 78678430.
2, 5, 19, 414097
List the prime factors of 2097659507.
41, 2237, 22871
What are the prime factors of 71507896?
2, 1523, 5869
What are the prime factors of 22885510?
2, 5, 59, 79, 491
List the prime factors of 44594673.
3, 14864891
What are the prime factors of 69499397?
11, 19, 317, 1049
List the prime factors of 3538587728.
2, 13, 17012441
List the prime factors of 24192018.
2, 3, 229, 5869
What are the prime factors of 14939912?
2, 13, 143653
What are the prime factors of 1668527915?
5, 179, 317, 5881
What are the prime factors of 2191546201?
13, 151, 157, 547
What are the prime factors of 87675583?
151, 580633
List the prime factors of 33239680.
2, 5, 167, 311
What are the prime factors of 795671552?
2, 13, 59771
List the prime factors of 51820473.
3, 17273491
What are the prime factors of 34220750?
2, 5, 136883
List the prime factors of 14593152.
2, 3, 7, 61, 89
List the prime factors of 2001753154.
2, 193, 5185889
List the prime factors of 27589482.
2, 3, 19, 80671
What are the prime factors of 90881624?
2, 11360203
List the prime factors of 238216472.
2, 13, 2290543
What are the prime factors of 430518950?
2, 5, 8610379
List the prime factors of 62292166.
2, 499, 62417
What are the prime factors of 1932092996?
2, 9941, 48589
What are the prime factors of 282694320?
2, 3, 5, 29, 4513
List the prime factors of 105516261.
3, 2063, 5683
What are the prime factors of 2368165807?
7, 17, 19900553
What are the prime factors of 117809367?
3, 13, 19, 173, 919
List the prime factors of 88419889.
23, 3844343
What are the prime factors of 22155111?
3, 11, 31, 7219
List the prime factors of 132265222.
2, 641, 103171
What are the prime factors of 192522614?
2, 647, 148781
What are the prime factors of 41560062?
2, 3, 2333, 2969
List the prime factors of 144922453.
13, 3221, 3461
List the prime factors of 232746411.
3, 73, 397, 2677
What are the prime factors of 128944159?
31, 347, 11987
What are the prime factors of 1446144932?
2, 361536233
List the prime factors of 5056445913.
3, 1685481971
What are the prime factors of 3583880040?
2, 3, 5, 13, 2297359
List the prime factors of 2373495203.
37, 197, 325627
What are the prime factors of 5815314440?
2, 5, 13, 17, 657841
List the prime factors of 890372050.
2, 5, 17807441
List the prime factors of 112317779.
7, 16045397
List the prime factors of 1836488.
2, 229561
List the prime factors of 105492593.
1871, 56383
List the prime factors of 1361295767.
13, 229, 457271
List the prime factors of 74730020.
2, 5, 3736501
List the prime factors of 6425622633.
3, 2141874211
What are the prime factors of 4485004462?
2, 23, 4337, 22481
What are the prime factors of 3421204286?
2, 277, 557, 11087
What are the prime factors of 118502114?
2, 59251057
List the prime factors of 2106112867.
43, 48979369
What are the prime factors of 43041394?
2, 11, 29, 6133
What are the prime factors of 18810075?
3, 5, 17, 14753
What are the prime factors of 105111078?
2, 3, 19, 922027
What are the prime factors of 132354329?
73, 1813073
List the prime factors of 334799039.
31, 53, 203773
What are the prime factors of 192854981?
11, 107, 163853
What are the prime factors of 49701150?
2, 3, 5, 19, 5813
List the prime factors of 56556037.
56556037
List the prime factors of 117975972.
2, 3, 139, 70729
What are the prime factors of 468740585?
5, 409, 229213
List the prime factors of 4356122346.
2, 3, 947, 255551
What are the prime factors of 37646608?
2, 2352913
What are the prime factors of 994805138?
2, 497402569
List the prime factors of 89162868.
2, 3, 7430239
What are the prime factors of 422435100?
2, 3, 5, 353, 3989
List the prime factors of 1793647678.
2, 239, 3752401
What are the prime factors of 113921337?
3, 421, 90199
List the prime factors of 543873256.
2, 67984157
What are the prime factors of 63888405?
3, 5, 7, 86923
What are the prime factors of 47345092?
2, 127, 93199
What are the prime factors of 980002802?
2, 490001401
List the prime factors of 231533185.
5, 13, 103, 34583
List the prime factors of 3885235624.
2, 17, 23, 239, 5197
What are the prime factors of 633026415?
3, 5, 7, 71, 84913
What are the prime factors of 193316905?
5, 38663381
What are the prime factors of 101414100?
2, 3, 5, 101, 3347
What are the prime factors of 1916821704?
2, 3, 7, 37, 401, 769
What are the prime factors of 3137133222?
2, 3, 11113, 15683
What are the prime factors of 67464094?
2, 241, 139967
List the prime factors of 452119902.
2, 3, 13, 523, 11083
List the prime factors of 1114359022.
2, 7, 79597073
What are the prime factors of 214773818?
2, 7, 17, 109, 487
What are the prime factors of 1576265732?
2, 394066433
List the prime factors of 23345993.
11, 2122363
List the prime factors of 151044006.
2, 3, 29, 868069
What are the prime factors of 4822945448?
2, 20107, 29983
List the prime factors of 188618915.
5, 37723783
List the prime factors of 526762448.
2, 2113, 15581
What are the prime factors of 291174504?
2, 3, 17, 713663
List the prime factors of 765232336.
2, 11, 4347911
What are the prime factors of 7145861182?
2, 421, 8486771
What are the prime factors of 53813426?
2, 26906713
What are the prime factors of 1786138263?
3, 7, 13, 19, 38261
What are the prime factors of 140155579?
29, 101, 109, 439
List the prime factors of 1217764641.
3, 137, 2962931
What are the prime factors of 1666128638?
2, 5623, 148153
List the prime factors of 134769912.
2, 3, 43, 3037
List the prime factors of 543768706.
2, 13, 31, 179, 3769
What are the prime factors of 516526396?
2, 12913